u(h). List the prime factors of (36/14)/(12/l).
2, 3
Let v(q) = -q - 4. Let r be v(-6). Suppose -5*z + 0*u = -r*u - 79, 26 = z + 3*u. Suppose 5*d + 3*o - 54 = 0, 3*d + 5*o - z = 9. What are the prime factors of d?
2, 3
Suppose -2*q = 2*q - 248. Suppose 8*h - 10*h = -q. What are the prime factors of h?
31
List the prime factors of (-3 - 4/(-3))*-141.
5, 47
Suppose -4*w + 28 = 2*g, -17 = -5*w - 2*g + 4*g. Suppose -2*a = w*t + 7, -49 = -4*a + 2*t - 3. Let n = a + -5. What are the prime factors of n?
2
Let u(a) = -3*a + 9. Let i be u(7). Let g(k) = -k**2 - 13*k + 2. What are the prime factors of g(i)?
2, 7
Suppose 40*s = 42*s - 318. List the prime factors of s.
3, 53
Let z(j) = -j - 2. Let o be z(-6). Let d = o + -1. What are the prime factors of d?
3
Let q(f) = -f - 2. Let r be q(-2). Suppose r = 2*u - 14 - 8. What are the prime factors of u?
11
Suppose -30*v = -28*v - 64. List the prime factors of v.
2
Suppose 3*b + 95 = -3*w + 4*b, 0 = -2*w - 3*b - 56. Suppose -44 = 2*i + 42. Let d = w - i. What are the prime factors of d?
2, 3
Let m = 29 + 157. What are the prime factors of m?
2, 3, 31
Suppose -2*m = 2*b - 4*b + 550, 0 = -b - 3*m + 263. List the prime factors of b.
2, 17
Let k(s) = -s**2 - 6*s + 1. Let h = 10 - 4. Let w be (-34)/h + 2/3. What are the prime factors of k(w)?
2, 3
Let r = -3 + 7. Suppose n = -4*l - r, -l = 2*l + 15. List the prime factors of n.
2
Let m = 3 + -4. Let d = 4 + m. Suppose -3*q + d = -45. List the prime factors of q.
2
Let h be (-10)/25 - 56/10. Let a be 2 + 8/h*-6. List the prime factors of (-27)/(-15)*a/2.
3
Let j(q) be the second derivative of q**4/12 + 3*q**3/2 + 3*q**2/2 - 2*q. Let y be j(-10). Let f = y + -4. List the prime factors of f.
3
Let n = 14 + -7. List the prime factors of n.
7
Let c(x) = 2*x**3 + 4 - 4. Suppose -n - 4*w + 5 = 19, -5*n - 3*w - 2 = 0. What are the prime factors of c(n)?
2
Let z be (16/12)/((-2)/(-15)). Suppose 0 = -3*j - 2*j - 5*f + z, -j + 2 = -f. Suppose j*r + 1 = 7. What are the prime factors of r?
3
Let d(v) = -v**3 + v**2 + 24. Let o be d(0). Suppose -o = 3*q - 3*y + 3, -4*q - 5*y - 63 = 0. Let a = 25 + q. List the prime factors of a.
13
List the prime factors of 114/5 - 1/(-5).
23
Let v be (-6)/(-8) - 91/4. What are the prime factors of 2304/88 - (-4)/v?
2, 13
Let c be (-6)/4*(-8)/6. What are the prime factors of (4/(-5))/c*-25?
2, 5
Let x be ((-16)/(-6) + -2)*6. Suppose 0 = x*t - 5*l - 2, -5*t = -7*l + 3*l + 2. Let f(k) = 2*k**2 + 2*k + 3. List the prime factors of f(t).
7
Suppose 0*o = o - 30. List the prime factors of o.
2, 3, 5
Let u = -3 - -1. Let l = 0 - u. Suppose 0 = 5*f + l*v - 75, f + 4*v + 6 = 3*f. List the prime factors of f.
13
Suppose -5*a = -2*a + 18. Let l be (-4)/a + 88/12. Suppose 3*y - l = 4. What are the prime factors of y?
2
Let b(m) = 15*m - 4. What are the prime factors of b(3)?
41
Let h(m) = -4*m**3 + 10*m**2 + 6. Let g(l) = -l**3 + l**2 + l - 1. Let x(c) = 3*g(c) - h(c). What are the prime factors of x(7)?
2, 3
Let i = 1013 + -718. What are the prime factors of i?
5, 59
Suppose 4*c + 2 = 6, -4*h = -4*c - 80. List the prime factors of h.
3, 7
Let z(h) = -4*h**3 - 5*h**2 - h + 0 + 3*h**3 + 3. Let m = 1 + -6. List the prime factors of z(m).
2
Suppose -s + 82 = 5*f, -2*f = s - 3 - 31. Suppose 4*c + b = -4*b + 4, 4*b = -f. List the prime factors of c.
2, 3
Suppose 4*l - 116 = 2*c, l - 139 = -4*l + c. Let m = l + -11. List the prime factors of m.
2
Suppose 4*j - 51 = -5*w, 3*j = 5*w - 14 + 61. Let h = -7 + j. List the prime factors of h.
7
Let q = 2 - 13. Let f = q + 19. What are the prime factors of f?
2
Let t(l) = l**3 - 4*l**2 - 5*l + 5. Suppose 5*z - 1 + 6 = 2*w, z - 11 = -2*w. What are the prime factors of t(w)?
5
Let y = 36 + 17. List the prime factors of y.
53
Suppose -17 - 11 = -g + 4*l, 4*g - 5*l - 101 = 0. List the prime factors of g.
2, 3
Suppose -8*u + 6*u + 72 = 0. What are the prime factors of u?
2, 3
What are the prime factors of (-170)/(-25)*(1 - 9/(-6))?
17
Suppose 39 = 2*k - 21. Suppose -k = -w + 16. List the prime factors of w.
2, 23
Let g = 9 - 4. Suppose 122 = g*r - l, -4*l = -l - 9. Suppose 2*h - 3*t - 2*t = 17, 2*h + 3*t - r = 0. List the prime factors of h.
11
Let q = 71 + -100. Let o be q/(-1) + 12/(-4). What are the prime factors of o/(2 + 2 - 2)?
13
Suppose -7*q + 3*q + 76 = z, 64 = 4*q + 4*z. What are the prime factors of q?
2, 5
Suppose 7 = -2*y + 2*l - 3, l = 5. Let o = y + 14. List the prime factors of o.
2, 7
Let f = -18 - -30. Suppose -c - x = -f, 3*c + 2*c = x + 36. What are the prime factors of c?
2
Let y be (-8)/(-12)*(-18)/(-4). Suppose 0*w + 42 = y*w. What are the prime factors of w?
2, 7
Let h(s) = -7*s. Let m = -6 + 4. What are the prime factors of h(m)?
2, 7
Let h(d) = d**3 + 2*d**2 + d + 1. Let z be h(-2). What are the prime factors of z/3 + (-220)/(-12)?
2, 3
Let b(i) = 5*i - 5. List the prime factors of b(12).
5, 11
Suppose 2*y + 7 - 51 = 0. Suppose -4*s + 2*m + 94 = 0, -s - m = -0*m - y. List the prime factors of s.
23
Let t be (12/(-8))/(3/(-8)). Suppose -a + 0*m = m - 37, 62 = a - t*m. What are the prime factors of a?
2, 3, 7
Let i be 3/6 - (-7)/2. Suppose -b + i = -0*b. Suppose -45 = -t - b*t. What are the prime factors of t?
3
Let b = 14 - 12. Suppose 0*u - 35 = -3*q - 5*u, 3*q - 50 = -b*u. List the prime factors of q.
2, 5
What are the prime factors of ((-166)/(-6))/((-2)/(-6))?
83
Let o = 7 + 4. List the prime factors of o.
11
Suppose 3*h - 7 - 2 = 0. What are the prime factors of -1*h + (0 - -36)?
3, 11
Let a(j) = 3*j**2 + 10*j - 3. Let r(m) = 10*m**2 + 29*m - 9. Let s(g) = -7*a(g) + 2*r(g). What are the prime factors of s(-11)?
2, 7
Let u(a) = 8*a**2 + 2*a + 4. List the prime factors of u(-3).
2, 5, 7
Let a(q) = q**3 - 10*q**2 + 14*q + 3. What are the prime factors of a(9)?
2, 3
Let a be 1*24/(-9)*-6. Suppose 0*d + 2*d = -a. Let v(r) = -r**2 - 9*r + 6. List the prime factors of v(d).
2, 7
Let x(s) be the second derivative of -s**6/240 - 3*s**5/40 + s**4/12 + 2*s. Let r(c) be the third derivative of x(c). What are the prime factors of r(-8)?
3, 5
Let g(j) = j**3 + 2*j**2 - 4*j - 3. Let v be g(-3). Suppose v = -4*w + w. Suppose w = 3*a - a - 16. List the prime factors of a.
2
Let i = 0 + 7. Suppose 2*v - i*v = 0. Suppose 0 = w + 2, v*c + 5*c + 3*w - 54 = 0. List the prime factors of c.
2, 3
List the prime factors of (-4)/8*-2*67.
67
Suppose q + 9 = 3*v - 2, -5*v = q - 5. Let k(y) = 4*y**2 - 2*y + 3. What are the prime factors of k(v)?
3, 5
Suppose 6*c - 754 - 218 = 0. List the prime factors of c.
2, 3
Suppose q = 5*d + 446, -4*d + 3*q - 92 = -3*d. Let v = -59 - d. List the prime factors of v.
2, 3, 5
Suppose -2*k + 24 = -5*g, 3*g + 10 + 4 = k. Suppose 0 = k*f - 4*a - 6, -1 = -f - 2*a + 6. What are the prime factors of f?
5
Let w(a) = -a**2 + 5*a + 5. Let s be w(5). Suppose -40 = f - s*f. What are the prime factors of f?
2, 5
Suppose 2*j - 4 = 2. What are the prime factors of j?
3
Let y(m) be the first derivative of -m**2 + m + 1. List the prime factors of y(-6).
13
Let u(q) = 3*q**3 - 2*q**2 + 2*q - 1. Suppose r = -r + 2. Let a be u(r). Suppose a*n = -0*n + 10. What are the prime factors of n?
5
Suppose -w - 5*u - 39 = 0, -2*u - 256 + 61 = 5*w. Let m = w + 27. List the prime factors of (-1)/(-2 + (-22)/m).
2, 3
Suppose 4*v - 8 = -4*o, 3*o - 5*v = -0*v - 10. Suppose -3*c + 20 = -4. Suppose o*s = 2*s - c. What are the prime factors of s?
2
Let s(t) = -1 + 2 + 15*t + 0. What are the prime factors of s(1)?
2
Suppose q + 5 = -0*q. Let t be q/3*-1*3. Suppose 4*g - 2*r - 76 = -0*r, -t*r = 5*g - 65. List the prime factors of g.
17
Let k be (2 - -4) + -1 + -2. Suppose -23 - 1 = -k*o. What are the prime factors of o?
2
Let z be ((-39)/(-6))/((-2)/(-4)). List the prime factors of 1 - z*(-2 + 1).
2, 7
List the prime factors of (-1)/9*2 + (-3028)/(-18).
2, 3, 7
Let l(m) = -6*m + 6. Let s(d) = -5*d + 5. Let o(b) = -4*l(b) + 5*s(b). List the prime factors of o(-10).
11
Let k = 14 - 8. Suppose 8*j - k = 5*j. What are the prime factors of j?
2
Let a(m) = m**3 - 10*m**2 - 5*m - 16. List the prime factors of a(12).
2, 53
Suppose 0 = 3*m - 7 - 5. Suppose -2*v + 66 = -m*v. List the prime factors of (-2)/8 + v/(-4).
2
Let j = 3 + -5. Let t(v) = -3*v - 3. Let k be t(j). Suppose -k*y - 2*y + 45 = 0. What are the prime factors of y?